lions digit of 386994116?
8
What is the ten thousands digit of 121348009?
4
What is the hundreds digit of 262699294?
2
What is the thousands digit of 1561220508?
0
What is the tens digit of 22037689?
8
What is the thousands digit of 46713490?
3
What is the ten millions digit of 42669420?
4
What is the hundred millions digit of 1231523086?
2
What is the millions digit of 67657177?
7
What is the tens digit of 73705690?
9
What is the millions digit of 350690407?
0
What is the hundreds digit of 24750031?
0
What is the hundreds digit of 40124600?
6
What is the ten millions digit of 40423737?
4
What is the units digit of 288056715?
5
What is the hundred thousands digit of 1564416574?
4
What is the millions digit of 71578109?
1
What is the ten millions digit of 8761599597?
6
What is the millions digit of 70067090?
0
What is the hundred millions digit of 1720472527?
7
What is the ten millions digit of 10486926?
1
What is the ten millions digit of 1243122835?
4
What is the units digit of 326660885?
5
What is the units digit of 227552238?
8
What is the thousands digit of 1237948256?
8
What is the hundred thousands digit of 89006865?
0
What is the tens digit of 53361098?
9
What is the thousands digit of 78186418?
6
What is the hundred thousands digit of 8667864?
6
What is the billions digit of 4662375999?
4
What is the units digit of 7350116?
6
What is the tens digit of 62782101?
0
What is the hundreds digit of 328113168?
1
What is the thousands digit of 93755458?
5
What is the millions digit of 23454760?
3
What is the thousands digit of 14861558?
1
What is the ten thousands digit of 2302023403?
2
What is the billions digit of 3736912759?
3
What is the tens digit of 1934551773?
7
What is the ten thousands digit of 153480508?
8
What is the tens digit of 8341881?
8
What is the hundred millions digit of 854578275?
8
What is the thousands digit of 31063813?
3
What is the thousands digit of 754078476?
8
What is the units digit of 1589662489?
9
What is the units digit of 958641522?
2
What is the tens digit of 179044328?
2
What is the hundred millions digit of 2264608247?
2
What is the hundreds digit of 57610641?
6
What is the ten millions digit of 292442879?
9
What is the ten thousands digit of 113725139?
2
What is the hundred millions digit of 268271345?
2
What is the hundred thousands digit of 13880081?
8
What is the ten millions digit of 258350931?
5
What is the ten thousands digit of 1988493671?
9
What is the ten millions digit of 972854315?
7
What is the hundred millions digit of 683471589?
6
What is the hundred millions digit of 1116242318?
1
What is the ten millions digit of 1138375020?
3
What is the ten millions digit of 18743121?
1
What is the units digit of 188646112?
2
What is the units digit of 107846826?
6
What is the billions digit of 3858784286?
3
What is the tens digit of 17766349?
4
What is the hundred thousands digit of 209622419?
6
What is the ten thousands digit of 1492180284?
8
What is the hundreds digit of 61326566?
5
What is the ten millions digit of 55163614?
5
What is the units digit of 413212167?
7
What is the ten millions digit of 47431185?
4
What is the ten thousands digit of 62558098?
5
What is the hundred thousands digit of 8908831?
9
What is the ten millions digit of 188496988?
8
What is the units digit of 5125425043?
3
What is the hundred thousands digit of 6856012?
8
What is the units digit of 590742968?
8
What is the ten thousands digit of 259120514?
2
What is the ten thousands digit of 122105495?
0
What is the units digit of 18388561?
1
What is the tens digit of 308092186?
8
What is the ten thousands digit of 222332920?
3
What is the tens digit of 7815466?
6
What is the ten millions digit of 43761178?
4
What is the thousands digit of 53208631?
8
What is the billions digit of 3338933657?
3
What is the hundred millions digit of 112840699?
1
What is the billions digit of 1347782328?
1
What is the thousands digit of 718564075?
4
What is the hundred thousands digit of 47191290?
1
What is the hundred millions digit of 102634230?
1
What is the ten millions digit of 536327044?
3
What is the hundreds digit of 1108555154?
1
What is the ten thousands digit of 273850544?
5
What is the ten thousands digit of 30413281?
1
What is the tens digit of 18885926?
2
What is the hundreds digit of 343517360?
3
What is the units digit of 29484086?
6
What is the units digit of 562015175?
5
What is the hundreds digit of 91713828?
8
What is the billions digit of 5329653354?
5
What is the millions digit of 45497945?
5
What is the thousands digit of 8586125?
6
What is the millions digit of 128926974?
8
What is the millions digit of 666451252?
6
What is the millions digit of 2253023977?
3
What is the ten millions digit of 5003726202?
0
What is the hundred thousands digit of 9157768?
1
What is the tens digit of 160163438?
3
What is the ten millions digit of 683636936?
8
What is the units digit of 39060112?
2
What is the ten thousands digit of 3250630262?
3
What is the hundreds digit of 28635563?
5
What is the units digit of 122212444?
4
What is the tens digit of 8565307557?
5
What is the millions digit of 68416512?
8
What is the ten millions digit of 553613654?
5
What is the millions digit of 133189765?
3
What is the thousands digit of 137325386?
5
What is the ten thousands digit of 347962954?
6
What is the hundred millions digit of 101755044?
1
What is the ten millions digit of 629911977?
2
What is the units digit of 1307098334?
4
What is the tens digit of 339059918?
1
What is the thousands digit of 176065759?
5
What is the millions digit of 53385383?
3
What is the ten millions digit of 531348025?
3
What is the units digit of 1222531307?
7
What is the millions digit of 338812736?
8
What is the hundred thousands digit of 49959078?
9
What is the hundred thousands digit of 438430545?
4
What is the ten millions digit of 89422541?
8
What is the ten millions digit of 227566127?
2
What is the ten millions digit of 25083949?
2
What is the ten millions digit of 43440514?
4
What is the millions digit of 416848916?
6
What is the thousands digit of 6422165895?
5
What is the thousands digit of 1097051598?
1
What is the hundred millions digit of 171764869?
1
What is the tens digit of 140325011?
1
What is the thousands digit of 1514071817?
1
What is the hundred millions digit of 157676650?
1
What is the hundred millions digit of 218547552?
2
What is the millions digit of 42904275?
2
What is the ten thousands digit of 208102342?
0
What is the units digit of 7781044526?
6
What is the hundred thousands digit of 246466610?
4
What is the units digit of 98232179?
9
What is the ten thousands digit of 324376582?
7
What is the hundreds digit of 25076843?
8
What is the ten thousands digit of 717970327?
7
What is the millions digit of 111504987?
1
What is the ten millions digit of 83745876?
8
What is the tens digit of 40462711?
1
What is the hundred millions digit of 597866862?
5
What is the hundred thousands digit of 135410496?
4
What is the ten thousands digit of 773475509?
7
What is the thousands digit of 272172274?
2
What is the millions digit of 336268625?
6
What is the thousands digit of 26343378?
3
What is the ten thousands digit of 38578066?
7
What is the hundred thousands digit of 52043174?
0
What is the hundred thousands digit of 8708886447?
8
What is the units digit of 63154133?
3
What is the ten millions digit of 36134334?
3
What is the tens digit of 51432559?
5
What is the millions digit of 137685972?
7
What is the hundred thousands digit of 592140337?
1
What is the hundreds digit of 248399924?
9
What is the thousands digit of 41783580?
3
What is the hundred thousands digit of 1144540715?
5
What is the hundred thousands digit of 30179337?
1
What is the tens digit of 70347100?
0
What is the tens digit of 39472593?
9
What is the ten thousands digit of 165638714?
3
What is the millions digit of 575684961?
5
What is the ten millions digit of 383281146?
8
What is the millions digit of 886994551?
6
What is the tens digit of 287857161?
6
What is the hundred thousands digit of 1843199685?
1
What is the ten millions digit of 148776549?
4
What is the tens digit of 49543629?
2
What is the units digit of 445841620?
0
What is the units digit of 21885897?
7
What is the hundred 